 + 37 + -19?
0
Evaluate -18 + 9 + (11 - 0) + 6 + -16.
-8
What is the value of 2 - 13 - (-8 + 6)?
-9
What is (-5 + 27 - (-3 + 1)) + -10?
14
-3 - (-10 + 16 - (1 + 3)) - -7
2
What is -1 + 8 + 1 + -16 + 25?
17
Evaluate 7 + (2 - -3 - 13) - 2.
-3
22 + -22 + 13 + 0
13
Calculate -5 - -2 - (4 - 12 - (-26 + 21)).
0
Calculate 89 - 84 - (0 + 3 + -1) - -7.
10
16 + (-8 - -1 - (-21 + 23)) + 1
8
What is the value of 1 + (9 - 3) - ((25 - 18) + -5)?
5
Evaluate -7 - -32 - (39 - 7).
-7
Evaluate 71 + -71 - (1 + -13).
12
4 - 1 - (3 + (-22 - -19))
3
1 + 6 + (-4 - 26)
-23
(-6 - (-15 - -13 - (0 + 4))) + 3
3
What is the value of 0 + 2 - (-181 + 166 + (14 - 2))?
5
Evaluate -1 - (-15 + 10 + -8 + 9).
3
Evaluate -13 + 31 + (1 - -6 - 1 - 5).
19
Calculate (-22 - -3) + (11 - -21).
13
What is the value of 4 - (-14 + 7 - -10)?
1
Calculate (-9 - (17 + -10)) + 2 + -2.
-16
What is 0 + (-1 - -4) + 92 + -150 + 51?
-4
Calculate -8 + 17 + (-31 - (2 + 4)) + 2.
-26
What is -20 + 7 + 0 + 7?
-6
Evaluate (232 - 211) + (2 - (6 + 1)).
16
What is -7 + (-8 - (6 + 7 + -6 + -13))?
-9
What is the value of 14 + (-579 + 564 - (-2 + -1))?
2
Evaluate -1 + 22 + (26 - 47).
0
Calculate 2 + (4 + -3 + 8 - (-18 - -27)).
2
-12 + -14 + 24 - -13
11
45 + -52 - (-3 + -12)
8
What is the value of 10 - -2 - (15 + (-1 - 7)) - 1?
4
Evaluate 8 + (-10 + 7 + 4 - -2) + 2.
13
(-2 - -5 - -2) + 5
10
Evaluate 15 - (0 + 2 + -5 + (13 - 3)).
8
What is the value of 23 + 1 + -12 - (39 - 5 - 5)?
-17
Calculate -12 + 2 + (30 - (-28 + 45)).
3
What is (-17 - 1) + 40 + -7?
15
Calculate -7 + (-32 - (-63 + 9)).
15
Calculate 5 + (-2 - 5) + 6 - (-7 + 1).
10
What is the value of (-6 - (-3 - 0) - 1) + -38 + 27?
-15
Calculate 2 + 6 + -1 + (-20 - -12).
-1
What is (21 - (17 + -23)) + -26?
1
62 + -72 - (-3 - -3)
-10
What is the value of 3 + (-5 - (7 - 10)) + -10?
-9
Calculate 13 + 12 - (35 + -10).
0
Calculate -20 + (-18 - -31 - -38) + 6.
37
-11 + 6 + -13 + (11 - 4)
-11
Evaluate 29 + (6 - 40) + 6.
1
What is -6 + 15 + (-10 - (-23 - -5))?
17
What is the value of 27 + (-69 - -26) - (0 - 3)?
-13
What is the value of -340 - -343 - (-7 + 0 - -1)?
9
Evaluate 9 + 1 - (-5 - (-1 + -7)) - 13.
-6
What is the value of -9 - (2 - (0 + 9 - (-2 + 6)))?
-6
Calculate -11 - (-9 - 3) - -5.
6
Calculate 0 + 2 + (-46 + 25 - -24).
5
-6 - (-3 + 4 + 7 + -13)
-1
What is -9 - (-46 + (21 - 9))?
25
What is the value of (3 - (6 + 2)) + (-2 - -4 - 14)?
-17
-9 + 8 - (-1 - 1) - -19
20
What is the value of 9 - (37 - 9 - 17)?
-2
What is -24 + 32 + -2 + -15?
-9
0 + 1 - 3 - (-60 + -43 + 83)
18
What is the value of -2 + (1 - 4) + (36 - 39)?
-8
What is -13 + 38 + (23 - 55)?
-7
What is (1 - -3) + (3 - 7 - -5 - 39)?
-34
What is (0 + 0 - 6) + 108 + -108?
-6
Evaluate 42 - 37 - (-4 + (5 - 24) - 2).
30
Calculate (-8 + 12 - (-3 + 10)) + -11 + -3.
-17
10 + -3 - (26 + -1)
-18
What is the value of 17 + 1 - (5 + -12) - 7?
18
Evaluate 16 + -1 + -22 - (-9 - -1).
1
What is -41 - (3 + -71 + 39)?
-12
What is the value of 77 - (-8 - -72) - (3 + 1)?
9
Evaluate -10 - (-28 + 7 + 2).
9
-18 + (-2 - 5) + 24
-1
Calculate -187 + 170 + (16 - -1).
0
(-1 - 1) + 21 + (-12 - 8) + 15
14
2 - (24 + -18 - 25)
21
(2 - -1) + (205 - 196) + 9
21
What is (27 - 17) + -14 - -8?
4
What is the value of -7 - (-15 - -1) - -7 - -1?
15
What is the value of -1 - (-2 - 3) - (-11 - -4)?
11
(-2 - -3) + (8 - 7) + 2 + -5
-1
-12 - (9 + 9 + (-26 - 1))
-3
What is the value of 5 + 5 + (-9 - -3) + 8 - 3?
9
Evaluate (17 - 17) + (-4 - (-3 - 11)).
10
What is (-1 - 7) + -489 + 488 + -5 + -1?
-15
What is -5 + 21 + 0 + 3 + -177 + 175?
17
What is the value of -1 + 3 + (5 - (-2 + 3))?
6
What is the value of 9 + 9 + -1 + -14 - 34?
-31
What is the value of -21 + 24 + (-15 - -6)?
-6
Calculate 1 + 0 + (12 - (-6 - (1 - 2))).
18
Calculate -18 + 0 + -1 + (-17 - 1 - -15).
-22
What is -2 + (-15 - -20) + -3 + 12?
12
Evaluate -17 + 13 + (11 - -3).
10
What is -10 + (-11 + 36 - 12)?
3
What is the value of 5 + 1 - (60 - 48 - (2 - 15))?
-19
Calculate -7 + 1 + (-19 - -42) + -11.
6
What is the value of -5 - (-11 + -8 - (-6 + 1))?
9
-11 - -3 - (5 - (-10 - -11))
-12
Calculate (-7 - (38 + -35)) + -12.
-22
Evaluate (5 - (-9 - 8)) + -16.
6
Evaluate -2 + -1 + 0 + 6 + -5 + 15.
13
-4 + (4 - (0 - (-6 - (5 - 5))))
-6
What is 36 + -23 - (-1 + 4 - -3)?
7
Calculate -7 - ((-14 - (-12 + -2)) + 12).
-19
Calculate (-1 - -5) + -2 + (-6 - (-9 + -5)).
10
0 - -15 - (-13 - -10) - (7 - -3)
8
-6 + (-8 - -10) - 0
-4
Evaluate -11 + -8 - (-1 - 7).
-11
What is the value of 603 + -614 - (0 - (8 - 2))?
-5
What is -14 - (-6 - -2 - (-28 - -19))?
-19
Evaluate -39 + 45 - (16 + 3).
-13
Evaluate (-7 - (9 + -11 + 5)) + 20.
10
Evaluate 24 + -38 + 1 + 2.
-11
Calculate (6 + -4 - 10) + (-3 - 5 - -9).
-7
What is 35 - 37 - (-1 + -2 + 1 + 5)?
-5
Evaluate 6 + (5 + 8 - 16) - (-2 + 24).
-19
What is -28 - (20 - (13 - -20))?
-15
What is 30 - 55 - (1 - (-6 + 9 + 5))?
-18
Calculate (1 - -9) + (31 - 52).
-11
-4 - (-5 + -1 - (20 - 24))
-2
What is -54 - -61 - (-2 + (-2 - -2) + 2)?
7
Calculate -8 + 1 + (-31 - -45).
7
Evaluate 31 - 43 - -37 - 15.
10
Evaluate (-12 - ((0 - 8) + -7)) + 10.
13
What is -10 + 1 - (-365 + 361)?
-5
Calculate -3 - (3 + 8 + (8 - 17)).
-5
What is -40 - 1 - (-2448 + 2443)?
-36
What is -11 + (14 + -5 - -11)?
9
What is the value of (8 + -8 - 0) + 12?
12
What is 3 + 17 + -1 + -8 - (4 - -2)?
5
Evaluate 12 - 14 - -5 - -1.
4
What is the value of 6 - (46 - (-2 - (-13 - 4)))?
-25
7 - 1 - (14 - 17)
9
Evaluate 19 + -17 + -1 + 2 + (-11 - -14).
6
What is (-6 + 13 - 4) + -2 + -6 + 3?
-2
Evaluate -13 + (3 - -10) - (0 + 5).
-5
-15 - (-27 + 18 + -8)
2
1 + 0 + 7 + -19 + -26 + 39
2
(-48 - (-72 - -29)) + (2 - -11)
8
0 - (-9 - (12 + -8 + -9 - -5))
9
Evaluate (0 - -12 - (25 + -12 + 10)) + 11.
0
What is -3 + (15 + -14 - 10)?
-12
Evaluate -1 - 5 - (-3 - (18 + -16)).
-1
What is the value of -5 - ((5 - 9) + (-6 - 2))?
7
Calculate 25 + (-2 + 0 - (-5 + 4)) + -4.
20
What is 0 - -10 - (117 + -111)?
4
-1 + -10 + 10 + -5
-6
What is the value of -16 + 0 + 5 + (-28 - -22)?
-17
What is -14 - 5 - (-2 - 12)?
-5
What is -21 - ((5 - 1) + (-21 - -7) + 8)?
-19
Calculate (10 + -11 - 9) + 18.
8
What is (-7 - (-4 - 14)) + 0 + 0?
11
Evaluate (2 - (1 - (13 - 6) - -2)) + -12.
-6
Evaluate -1 + 1 + -6 + (-1 - -20).
13
51 + -40 - (2 + (-2 - -4))
7
What is 2 + 6 + -8 + -3 - -2?
-1
(13 - (-2 - -4)) + -12 + 2
1
3 + (-17 - -11 - -11)
8
-3 + (8 - 2) - (1 + -1 - 0)
3
Calculate (16 - -10 - -14) + -16.
24
What is the value of -42 + 20 + -8 - -51?
21
What is 22 + -3 + -14 - 10?
-5
Calculate -3 - -5 - 4 - (2 - (-9 - -32)).
19
What is the value of 19 + -27 + 19 - 14?
-3
(64 - 21 - 35) + (-7 - (-1 + 0))
2
What is the value of 13 - (38 - 13 - 15)?
3
Calculate 16 - (-11 - (-46 - -3)).
-16
Evaluate 13 - ((12 - 8) + 3 - 7).
13
Evaluate -5 - (-9 + -16 - -49).
-29
What is 11 - -1 - (0 + -4 + 6)?
10
What is (2 + 7 - 13) + (0 - 0)?
-4
Calculate 9 - (0 + 2 + -1 + 29 + -43).
22
Evaluate 12 - ((14 - -16) + 0).
-18
What is 36 - 34 - (-1 - -11) - -14?
6
What is the value of (189 - 175) + 2 + -18?
-2
Calculate 14 - (0 - ((8 - 12 - -8) + -6)).
12
-24 + 5 + 10 + 3
-6
What is the value of 41 + -3 + 17 + -6 + -23?
26
What is the value of (3 - 23) + -38 + 50?
-8
What is the value of (4 - 7) + -1 + (-9 - 1)?
-14
-8 - (15 + (4 - 5))
-22
-385 - -396 - (-1 - 0)
12
Evaluate -46 + (-77 + 73 - (-1 + -19)).
-30
Evaluate 3 + 27 + -1 + -7 + -5.
17
(58 + -69 - ((0 - 6) + -2)) + -3
-6
What is 3 - (-37 - (-3 - 6)) - 10?
21
Calculate (-3 - (-9 - 9)) + (5 - (0 - -1)).
19
What is the value of 45 + 6 - (8 + 27 - 15)?
31
Calculate (19 - (21 + -31)) + -14 + (4 - 1).
18
What is 0 - 4 - -8 - -3 - (16 + -4)?
-5
What is -6 - (4 + (-8 + 0 + 6 - -1))?
-9
Evaluate -5 + 8 + 1 + (8 - (32 - -6)).
-26
Calculate (61 - (87 + -42)) + 0 + 1.
17
-12 + 3 + 12 - (7 - 0)
-4
Evaluate 0 + 13 - (-16 - -5 - -16 - 2).
10
What is the value of -4 + (19 + 0 - (1 + (-13 - -9)))?
18
Evaluate (-60 - -46) + (33 - 10).
9
What is (-52 - -39) + (14 - 3) - -1?
-1
5 + 3 - 4 - (-1 + 3 + -1)
3
-7 - -32 - 14 - 12
-1
What is (2 - (-6 - -7)) + 8 + -12?
-3
4 + (-10 - 0) + (1 - -18)
13
What is -14 - (2 - (3 + -1)) - (-90 - -82)?
-6
Calculate (-3 - 1) + (-21 - -20) - (2 + -7).
0
Evaluate 16 + -2 + (-3 - -5) + -7.
9
-9 + 1 - -9 - (2 - -7)
-8
What is the value of 9 + 1 + -10 + 15?
15
What is the value of -22 - -30 - (15 - 0) - (2 - 2)?
-